 9*p**3 - 3. Give h(v).
-4
Let n(s) = -7*s**3 + 5*s**2 + 25*s + 17. Let j(f) = -10*f**3 + 8*f**2 + 35*f + 25. Let w(g) = -5*j(g) + 7*n(g). Determine w(5).
-6
Let y(g) = -6*g + 1. Suppose 0 = -r + 6*r + 40. Let q be (22/(-44))/((-2)/r). Determine y(q).
13
Let j(v) = -179*v**3 - 10*v + 10*v**2 + v - 167*v**3 + 14 + 345*v**3. Determine j(9).
14
Let c(o) = 183 + 0*o - 27*o + 67*o**2 + 41*o**2 - 109*o**2. Determine c(-33).
-15
Let r be 143 - (25/(-5) - -4). Let n(b) = -148*b - 7 + 290*b - r*b. Let q(f) = -f. Let o(x) = n(x) - q(x). Calculate o(-9).
2
Suppose -7 = 2*m - 7. Let t(b) = 3*b**2 + 0*b**2 - b - 1 + m*b + b**2. Suppose 5*k + 20 = 5*q, 5*k + 4*q = -1 + 8. Give t(k).
4
Let y(h) = -3*h**2 - 107*h + 120. Let i(v) = v**2 + 39*v - 40. Let n(p) = 8*i(p) + 3*y(p). Determine n(-13).
-12
Let l(c) = c + 13. Let p be l(-12). Let q(a) = 5*a**2 + 2*a**2 - 2*a**2 - 306 + 305 + 2*a**2. Give q(p).
6
Suppose -5*w - 3 = -h, 5*w + 12 = -0*h + 4*h. Suppose -2*q + 20 = -2*r, w*q - 3*q - 34 = 5*r. Let o(s) = -s**2 - 10*s - 1. What is o(r)?
15
Let d(a) = a**2 + 7*a + 5. Suppose 0 = -18*w - 1370 + 1298. What is d(w)?
-7
Let t(u) = -25 + 4*u + 6 - 2*u. Let k be 231/55*4/14 - 225/(-125) - -3. Give t(k).
-7
Let o(f) = -1 + 4341*f - 1088*f - 1085*f - 1085*f - 1082*f. Calculate o(-1).
-2
Let g(z) be the third derivative of -z**4/12 + 11*z**3/6 + 62*z**2. Suppose -p + 7 + 1 = 0. What is g(p)?
-5
Let h(s) be the first derivative of -10/3*s**3 + 9/2*s**2 - 13*s + 1/4*s**4 + 23. What is h(9)?
-13
Let h be 12/9*(-162)/(-540) + (-24)/10. Let s(r) = 5*r**2 + 4*r + 2. Let o(i) = -5*i**2 - 4*i - 2. Let n(z) = -3*o(z) - 4*s(z). What is n(h)?
-14
Let o(f) = -f**3 - 4*f**2 - 5*f + 1. Suppose 37*s - 86*s - 650 = 81*s. Calculate o(s).
51
Suppose 2*r + 25 = -2*w + 9, r - 4*w = 2. Let v(n) be the third derivative of -7/6*n**3 - 1/6*n**4 + n**2 + 0 - 7*n. Calculate v(r).
17
Let t(z) be the third derivative of z**8/20160 + z**7/504 - z**6/60 + z**5/30 - 44*z**2 - 1. Let y(q) be the third derivative of t(q). Give y(-10).
-12
Let z be -2*3/2*(-1444)/(-114). Let m(j) = -j**3 - 38*j**2 + 2. Let l be m(z). Let n(o) = o**3 + 2*o + 1. Give n(l).
13
Let r(x) = 13*x**3 - 2*x**2 + 3*x - 22. Let t(z) = 30*z**3 - 2*z**2 + 6*z - 41. Let l(y) = 7*r(y) - 3*t(y). Give l(9).
77
Let i(u) = 31 + 53*u + 7*u + 3 - 28 - 2. Determine i(-1).
-56
Let l(b) be the third derivative of b**6/720 + b**5/30 - b**4/12 - 3*b**3 - 5*b**2 - 1. Let n(m) be the second derivative of l(m). Give n(5).
9
Let l = -6771 + 6771. Let i(d) be the third derivative of 13*d**2 + 1/24*d**4 - 5/6*d**3 + 0*d + l. Calculate i(5).
0
Let u(c) = -c**3 + 8*c**2 - 5*c + 2. Suppose -2*k + 488 = -2*a, -2*k = 42*a - 37*a - 460. Let n = k - 233. What is u(n)?
16
Let q(z) be the second derivative of -z**5/20 - z**4/6 + 2*z**3/3 + z - 172. Suppose 5*d - 12 = -2*s + 2, 3*d = s + 15. Determine q(s).
-3
Suppose 0 = 10*v + 3*v + 65. Let g be (5220/(-24))/29*(-6)/v. Let z(k) = -k**3 - 8*k**2 + 9*k + 2. Determine z(g).
2
Let z be 38*((-6 - -4) + 1). Let s = 38 + z. Suppose s*k = 5*k + 35. Let j(n) = n**3 + 6*n**2 - 8*n + 3. Give j(k).
10
Let b(y) be the first derivative of -y**2/2 + y - 15. Let v(n) = -3*n + 3 + n - 3 + 3. Let o(j) = -3*b(j) + v(j). Determine o(6).
6
Suppose -3 - 13 = 2*p. Let i(x) = -185*x - 3. Let u(s) = -53*s - 1. Let t(l) = -2*i(l) + 7*u(l). Give t(p).
7
Let v be 2/(-1 + (-2)/(-6)) + -1. Let i be v/(-6)*(4 - (-9 + 4)). Let j(s) = 17*s - i - 7*s - 8*s - 4*s. Determine j(-4).
2
Let o = -1559 + 1562. Let f(d) = -4*d - 3 + 3*d + d**3 - 2*d. Determine f(o).
15
Let h(l) = -l**3 + l - 38. Suppose 3*z + 3 + 11 = 14. What is h(z)?
-38
Let s be 46/230*(-3 + 3). Let n(k) be the second derivative of 11*k + s*k**2 - 7/6*k**4 + 1/6*k**3 + 0. What is n(-1)?
-15
Let z(w) = -w**2 - 11*w + 13. Suppose -5*t = -2*n - 28, -4*n - 16 = -5*t + 40. Determine z(n).
-29
Let u(s) = -s**2 - 2*s + 3. Let o be u(0). Let w(d) = -4*d + o*d + 83 - 79 + 3*d - d**2. Determine w(5).
-11
Let b(i) = -13*i - 896. Let h be b(-69). Suppose m - 4 = -0*m. Let a(g) = m*g + 4*g**3 + 1 - 8*g**3 - 6*g. What is a(h)?
-5
Let k(w) = -6*w**3 - 7*w**2 + 11*w + 122. Let q(u) = -5*u**3 - 6*u**2 + 10*u + 98. Let o(z) = -4*k(z) + 5*q(z). Give o(-3).
-7
Let b(z) = 3*z**2 + 4*z + 4. Let g(t) = -4*t**2 - t + 3. Let l(c) = -b(c) - g(c). What is l(5)?
3
Let d(o) be the first derivative of 2*o**2 - 269. Calculate d(-1).
-4
Let q(m) = -26*m + 84. Let c(s) = -64*s + 835. Let t be c(13). Calculate q(t).
6
Let f(l) = -2*l - 1. Suppose -g - 65 = -5*j + 4*g, -5 = -j - 3*g. Suppose -5*r + 204 = h, -r - 5*h = -25 - j. Suppose 6*i + 5 - r = 0. Determine f(i).
-13
Let z(v) = 2*v**3 - 3*v**2 - 6*v - 2. Suppose 0 = 68*n - 81*n + 210*n + 197. Calculate z(n).
-1
Let m(f) be the first derivative of f**4/4 + 17*f**3/3 + f**2/2 + 20*f + 3354. What is m(-17)?
3
Let a be (-180)/(-54) + 4/(-3). Let m be (-3)/2 + 73/a. Let k(c) = -m + c + 17 + 22. Give k(4).
8
Let g(c) = -8*c**2 + 0*c**2 - 10*c - 2 + 7*c**2 - c**2 + 10. Give g(-10).
-92
Let x(w) be the first derivative of w**5/60 - w**4/12 - w**3 + 4*w**2 - 13. Let f(s) be the third derivative of x(s). Give f(-1).
-4
Let r(x) be the third derivative of -x**8/20160 - x**7/560 + x**6/720 - x**5/60 - x**3/6 - 56*x**2. Let t(s) be the third derivative of r(s). Calculate t(-8).
9
Let i(t) be the first derivative of -96 - 5*t - 1/2*t**2. Let r(k) = k + 3. Let c be r(-7). Determine i(c).
-1
Let z(h) = h**2 + 11*h + 8. Suppose 322*d = 307*d + 3735. Let t = d + -259. Give z(t).
-2
Let o(a) be the third derivative of -a**6/120 - 4*a**5/15 + 17*a**4/24 - 2*a**3/3 + a**2. Suppose -98*v - 26 = -96*v - 2*z, 0 = -3*v + 4*z - 35. Give o(v).
-4
Let w(f) be the first derivative of -f**3/3 + 9*f**2/2 + 68*f - 1184. What is w(14)?
-2
Let h be 55/(-22)*(-2)/(-5)*0. Let p(i) = 2 - 2*i - 4 - 4. Give p(h).
-6
Let i(m) be the third derivative of 17*m**4/24 - 166*m**3/3 - 2*m**2 - 624*m + 2. Calculate i(19).
-9
Let s(z) = 231*z - 58. Let b(d) = -518*d + 115. Let n(a) = 4*b(a) + 9*s(a). Determine n(7).
-13
Suppose 6 = -40*y + 41*y. Suppose -24*o + 21*o + y = 0. Let u(b) = 165 - 12*b - 155 + o*b + b**2. What is u(7)?
-11
Let v = -4500 + 4493. Let y(s) = s**3 + 8*s**2 + 9*s + 2. What is y(v)?
-12
Let v(x) = x**2 + 6*x - 3. Let g be v(-6). Let z be (20 - 1) + -1 + g. Let c(k) = k**2 - 16*k + 9. Determine c(z).
-6
Let o(z) = 13*z**2 + 13*z + 3. Let d(a) = 40*a**2 + 38*a + 8. Let y(k) = -4*d(k) + 13*o(k). Calculate y(-4).
83
Let t(y) = -y + 3. Let i(x) = -x**2 + 2*x - 4. Let r(w) = -2*i(w) - 3*t(w). Suppose -17 = 112*k - 107*k + 4*o, 6 = -2*o. Calculate r(k).
2
Let l(y) be the second derivative of -24 + y**2 + 1/2*y**3 + 2*y - 1/3*y**4. Give l(-1).
-5
Let r(t) = t**2 - 7*t + 5. Let k be 16 + (8/(-18))/((-4)/18). Suppose h - k = -2*h. What is r(h)?
-1
Let f = -9895 + 9897. Let d(x) be the first derivative of -6*x + 5/2*x**2 - 5/3*x**3 + 1/4*x**4 - f. What is d(4)?
-2
Suppose -2*u = 5*b + 12, 435*u - 9 = 438*u + 3*b. Let h(a) = 13*a**2 + 14*a + 1. Give h(u).
0
Let p = 70 + -61. Let j(y) = -y**3 - 6*y**2 - 4*y - 1. Let b(m) = 4*m**3 + 24*m**2 + 16*m + 3. Let n(r) = p*j(r) + 2*b(r). What is n(-5)?
-8
Let z(s) = s**3 - 10*s**2 + 6*s + 12. Let o = 4037 + -4028. Give z(o).
-15
Suppose -3*p = -64 - 38. Let j be (-1)/2 - 1 - (-255)/p. Let l(m) be the third derivative of -m**4/12 + m**3/2 - 2*m**2. Give l(j).
-9
Suppose -t + 14 = 6*t. Let o(n) = -n**t - 252*n**3 - 248*n**3 + 459*n**3. Give o(1).
-42
Let b(a) = -a**3 - 4*a**2. Suppose j - 16 = -4*d, 0 = -d + 5 - 2. Let w be ((-24)/(-2 + j))/((-4)/2). Let v(q) = q**2 - 7*q + 2. Let u be v(w). Determine b(u).
0
Let u(d) be the second derivative of d**5/120 - 5*d**4/12 - 43*d**3/6 + 26*d + 4. Let x(y) be the second derivative of u(y). Calculate x(5).
-5
Let z(s) = 3354 - 13*s + 3351 - 6780. Determine z(-6).
3
Let k = -127 - -199. Let o(a) = -k + 67 - 2*a + 8*a. What is o(4)?
19
Let n(j) be the third derivative of j**6/120 - j**5/6 + j**4/3 - 10*j**3/3 - 126*j**2 + 2. Give n(9).
-29
Let o(x) = x**3 - x**2 - 4*x + 1. Suppose 0 = 9*m - 10*m. Let u be 16/8*(15/2 - -2). Suppose -3*c + 21 = -m*h + 2*h, 2*c - u = -3*h. Determine o(h).
7
Let d(p) = 12*p - 63. Let s be (1104/(-4992) - (-9)/24) + 76/13. Determine d(s).
9
Suppose 0 = 4*f + i - 17, 4*f - 6*f - 3*i + 11 